{"id":899,"date":"2019-02-14T12:44:19","date_gmt":"2019-02-14T12:44:19","guid":{"rendered":"http:\/\/pusteblume-eppingen.de\/?page_id=899"},"modified":"2019-02-14T13:43:44","modified_gmt":"2019-02-14T13:43:44","slug":"hochzeit","status":"publish","type":"page","link":"https:\/\/pusteblume-sulzfeld.de\/?page_id=899","title":{"rendered":"Hochzeit"},"content":{"rendered":"\n<style type=\"text\/css\" data-created_by=\"avia_inline_auto\" id=\"style-css-av-av_section-50b40ef4b6c0c75fbc047c2e261f5400\">\n.avia-section.av-av_section-50b40ef4b6c0c75fbc047c2e261f5400 .av-parallax .av-parallax-inner{\nbackground-repeat:no-repeat;\nbackground-image:url(https:\/\/pusteblume-sulzfeld.de\/wp-content\/uploads\/2017\/11\/IMG-20170719-WA0019-1030x686.jpg);\nbackground-position:50% 50%;\nbackground-attachment:scroll;\n}\n<\/style>\n<div id='floristik'  class='avia-section av-av_section-50b40ef4b6c0c75fbc047c2e261f5400 main_color avia-section-large avia-no-border-styling  avia-builder-el-0  el_before_av_one_full  avia-builder-el-first  avia-full-stretch av-parallax-section avia-bg-style-parallax container_wrap sidebar_right'  data-section-bg-repeat='stretch'><div class='av-parallax' data-avia-parallax-ratio='0.3' ><div class='av-parallax-inner main_color avia-full-stretch'><\/div><\/div><div class='container av-section-cont-open' ><main  role=\"main\" itemprop=\"mainContentOfPage\"  class='template-page content  av-content-small alpha units'><div class='post-entry post-entry-type-page post-entry-899'><div class='entry-content-wrapper clearfix'>\n\n<\/div><\/div><\/main><!-- close content main element --><\/div><\/div><div id='after_section_1'  class='main_color av_default_container_wrap container_wrap sidebar_right'  ><div class='container av-section-cont-open' ><div class='template-page content  av-content-small alpha units'><div class='post-entry post-entry-type-page post-entry-899'><div class='entry-content-wrapper clearfix'>\n\n<style type=\"text\/css\" data-created_by=\"avia_inline_auto\" id=\"style-css-av-av_one_full-15d750bd1b332b34c6e70b077ebbccdf\">\n.flex_column.av-av_one_full-15d750bd1b332b34c6e70b077ebbccdf{\n-webkit-border-radius:0px 0px 0px 0px;\n-moz-border-radius:0px 0px 0px 0px;\nborder-radius:0px 0px 0px 0px;\npadding:0px 0px 0px 0px;\n}\n<\/style>\n<div class='flex_column av-av_one_full-15d750bd1b332b34c6e70b077ebbccdf av_one_full  avia-builder-el-2  el_after_av_section  el_before_av_one_half  avia-builder-el-first  first flex_column_div av-zero-column-padding '     ><style type=\"text\/css\" data-created_by=\"avia_inline_auto\" id=\"style-css-av-av_heading-f1b3208b96909ea9e564a2ea0d970860\">\n#top .av-special-heading.av-av_heading-f1b3208b96909ea9e564a2ea0d970860{\npadding-bottom:20px;\n}\nbody .av-special-heading.av-av_heading-f1b3208b96909ea9e564a2ea0d970860 .av-special-heading-tag .heading-char{\nfont-size:25px;\n}\n.av-special-heading.av-av_heading-f1b3208b96909ea9e564a2ea0d970860 .av-subheading{\nfont-size:15px;\n}\n<\/style>\n<div  class='av-special-heading av-av_heading-f1b3208b96909ea9e564a2ea0d970860 av-special-heading-h2 blockquote modern-quote  avia-builder-el-3  avia-builder-el-no-sibling  av-thin-font'><h2 class='av-special-heading-tag'  itemprop=\"headline\"  >Der sch\u00f6nste Tag <strong>Ihres Lebens!<\/strong><\/h2><div class='av-subheading av-subheading_below'><p>Machen Sie Ihre Hochzeit zu einem unvergesslichen Tag!<\/p>\n<\/div><div class=\"special-heading-border\"><div class=\"special-heading-inner-border\"><\/div><\/div><\/div><\/div>\n<div class='flex_column av-av_one_half-2a9015ff38129c418a3f2eafba3e9512 av_one_half  avia-builder-el-4  el_after_av_one_full  el_before_av_one_half  first flex_column_div column-top-margin'     ><p><section  class='av_textblock_section av-av_textblock-2de302bf1aa3cf4c9157dbe6f50ac7eb'  itemscope=\"itemscope\" itemtype=\"https:\/\/schema.org\/CreativeWork\" ><div class='avia_textblock'  itemprop=\"text\" ><p><strong>Ihre Hochzeit<\/strong>\u00a0wird Ihnen ein ganzes Leben lang in Erinnerung bleiben. Ich w\u00e4re sehr gerne an Ihrer Seite, um den sch\u00f6nsten Tag ihres Lebens zu einem unvergesslichen Erlebnis <strong>f\u00fcr Sie und Ihre G\u00e4ste<\/strong> zu machen.<\/p>\n<p>Die Planung einer Hochzeit ist mit sehr viel Arbeit verbunden. G\u00e4steliste, Location, Sitzplan &amp; Essen sind nur einige der Themen mit denen Sie sich als Hochzeitspaar besch\u00e4ftigen m\u00fcssen. Umso willkommener sind fachkundige Partner, die Ihnen mit kompetenter Beratung etwas die Last von den Schultern nehmen.<\/p>\n<p>Von der Raumgestaltung, \u00fcber die Tischdekoration bis hin zum Brautstrau\u00df bin ich Ihre Ansprechpartnerin in Sachen Floristik &amp; Dekoration. Schauen Sie doch einfach mal vorbei oder vereinbaren Sie einen unverbindlichen <strong>Beratungstermin.<\/strong><\/p>\n<p>Ich freue mich auf Sie!<\/p>\n<\/div><\/section><br \/>\n\n<style type=\"text\/css\" data-created_by=\"avia_inline_auto\" id=\"style-css-av-av_hr-d50449065512dfb87382cb0128eaa335\">\n#top .hr.hr-invisible.av-av_hr-d50449065512dfb87382cb0128eaa335{\nheight:100px;\n}\n<\/style>\n<div  class='hr av-av_hr-d50449065512dfb87382cb0128eaa335 hr-invisible  avia-builder-el-6  el_after_av_textblock  el_before_av_contact '><span class='hr-inner '><span class=\"hr-inner-style\"><\/span><\/span><\/div><br \/>\n<form action=\"https:\/\/pusteblume-sulzfeld.de\/?page_id=899\" method=\"post\"  class=\"avia_ajax_form av-form-labels-visible   avia-builder-el-7  el_after_av_hr  avia-builder-el-last   \" data-avia-form-id=\"1\" data-avia-redirect='' ><h3 class=''>Terminvereinbarung<\/h3><fieldset><p class='  first_form  form_element form_fullwidth' id='element_avia_1_1'><label for=\"avia_1_1\">Name <abbr class=\"required\" title=\"ben\u00f6tigt\">*<\/abbr><\/label> <input name=\"avia_1_1\" class=\"text_input is_empty\" type=\"text\" id=\"avia_1_1\" value=\"\" \/><\/p><p class='  first_form  form_element form_fullwidth' id='element_avia_2_1'><label for=\"avia_2_1\">E-Mail <abbr class=\"required\" title=\"ben\u00f6tigt\">*<\/abbr><\/label> <input name=\"avia_2_1\" class=\"text_input is_email\" type=\"text\" id=\"avia_2_1\" value=\"\" \/><\/p><p class='  first_form  form_element form_fullwidth' id='element_avia_3_1'><label for=\"avia_3_1\">Telefonnummer<\/label> <input name=\"avia_3_1\" class=\"text_input \" type=\"text\" id=\"avia_3_1\" value=\"\" \/><\/p><p class='  first_form  form_element form_fullwidth' id='element_avia_4_1'><input  name=\"avia_4_1\" class=\"input_checkbox \" type=\"checkbox\" id=\"avia_4_1\" value=\"true\"\/><label class=\"input_checkbox_label\" for=\"avia_4_1\">R\u00fcckrufbitte<\/label><\/p><p class='  first_form  form_element form_fullwidth' id='element_avia_5_1'><label for=\"avia_5_1\">Wunschtermin<\/label> <input name=\"avia_5_1\" class=\"avia_datepicker text_input \" type=\"text\" id=\"avia_5_1\" value=\"\" placeholder=\"DD \/ MM \/ YY\" \/><\/p><p class='  first_form  form_element form_fullwidth av-last-visible-form-element' id='element_avia_6_1'><label for=\"avia_6_1\" class=\"textare_label hidden textare_label_avia_6_1\">Anmerkungen<\/label><textarea  name=\"avia_6_1\" class=\"text_area \" cols=\"40\" rows=\"7\" id=\"avia_6_1\" ><\/textarea><\/p><p class=\"hidden\"><input type=\"text\" name=\"avia_7_1\" class=\"hidden \" id=\"avia_7_1\" value=\"\" \/><\/p><p class=\"form_element \"><input type=\"hidden\" value=\"1\" name=\"avia_generated_form1\" \/><input type=\"submit\" value=\"Senden\" class=\"button\"  data-sending-label=\"Sende\"\/><\/p><\/fieldset><\/form><div id=\"ajaxresponse_1\" class=\"ajaxresponse ajaxresponse_1 hidden\"><\/div><\/p><\/div>\n<style type=\"text\/css\" data-created_by=\"avia_inline_auto\" id=\"style-css-av-av_one_half-c8fc129dc35fd1ae2a1e410224d39ea8\">\n.flex_column.av-av_one_half-c8fc129dc35fd1ae2a1e410224d39ea8{\n-webkit-border-radius:0px 0px 0px 0px;\n-moz-border-radius:0px 0px 0px 0px;\nborder-radius:0px 0px 0px 0px;\npadding:0px 0px 0px 0px;\n}\n<\/style>\n<div class='flex_column av-av_one_half-c8fc129dc35fd1ae2a1e410224d39ea8 av_one_half  avia-builder-el-8  el_after_av_one_half  avia-builder-el-last  flex_column_div av-zero-column-padding column-top-margin'     ><style type=\"text\/css\" data-created_by=\"avia_inline_auto\" id=\"style-css-av-av_gallery-3fb851b5f7e25228b9e9e36ab9224dc0\">\n#top .avia-gallery.av-av_gallery-3fb851b5f7e25228b9e9e36ab9224dc0 .avia-gallery-thumb a{\nwidth:33.3333%;\n}\n<\/style>\n<div  class='avia-gallery av-av_gallery-3fb851b5f7e25228b9e9e36ab9224dc0 avia_animate_when_visible  avia-builder-el-9  avia-builder-el-no-sibling  avia_lazyload avia-gallery-animate avia-gallery-1'  itemprop=\"image\" itemscope=\"itemscope\" itemtype=\"https:\/\/schema.org\/ImageObject\" ><meta itemprop=\"contentURL\" content=\"https:\/\/pusteblume-sulzfeld.de\/?page_id=899\"><div class='avia-gallery-thumb'><a href=\"https:\/\/pusteblume-sulzfeld.de\/wp-content\/uploads\/2017\/12\/20160930_141027-e1513717649170-579x1030.jpg\" data-rel='gallery-1' data-prev-img='https:\/\/pusteblume-sulzfeld.de\/wp-content\/uploads\/2017\/12\/20160930_141027-e1513717649170-495x400.jpg' class='first_thumb lightbox ' data-onclick='1' title='20160930_141027'  itemprop=\"thumbnailUrl\"  ><img class=\"wp-image-693 avia-img-lazy-loading-not-693\"   src='https:\/\/pusteblume-sulzfeld.de\/wp-content\/uploads\/2017\/12\/20160930_141027-e1513717649170-495x400.jpg' width='495' height='400'  title='20160930_141027' alt='' \/><div class='big-prev-fake'><img class=\"wp-image-693 avia-img-lazy-loading-693\"  width='495' height='400' src='https:\/\/pusteblume-sulzfeld.de\/wp-content\/uploads\/2017\/12\/20160930_141027-e1513717649170-495x400.jpg' title='20160930_141027' alt='' \/><\/div><\/a><a href=\"https:\/\/pusteblume-sulzfeld.de\/wp-content\/uploads\/2017\/12\/20170729_092748-1030x579.jpg\" data-rel='gallery-1' data-prev-img='https:\/\/pusteblume-sulzfeld.de\/wp-content\/uploads\/2017\/12\/20170729_092748-495x400.jpg' class='lightbox ' data-onclick='2' title='20170729_092748'  itemprop=\"thumbnailUrl\"  ><img class=\"wp-image-694 avia-img-lazy-loading-not-694\"   src='https:\/\/pusteblume-sulzfeld.de\/wp-content\/uploads\/2017\/12\/20170729_092748-495x400.jpg' width='495' height='400'  title='20170729_092748' alt='' \/><div class='big-prev-fake'><img class=\"wp-image-694 avia-img-lazy-loading-694\"  width='495' height='400' src='https:\/\/pusteblume-sulzfeld.de\/wp-content\/uploads\/2017\/12\/20170729_092748-495x400.jpg' title='20170729_092748' alt='' \/><\/div><\/a><a href=\"https:\/\/pusteblume-sulzfeld.de\/wp-content\/uploads\/2017\/12\/IMG-20170719-WA0019-1030x686.jpg\" data-rel='gallery-1' data-prev-img='https:\/\/pusteblume-sulzfeld.de\/wp-content\/uploads\/2017\/12\/IMG-20170719-WA0019-495x400.jpg' class='lightbox ' data-onclick='3' title='IMG-20170719-WA0019'  itemprop=\"thumbnailUrl\"  ><img class=\"wp-image-695 avia-img-lazy-loading-not-695\"   src='https:\/\/pusteblume-sulzfeld.de\/wp-content\/uploads\/2017\/12\/IMG-20170719-WA0019-495x400.jpg' width='495' height='400'  title='IMG-20170719-WA0019' alt='' \/><div class='big-prev-fake'><img class=\"wp-image-695 avia-img-lazy-loading-695\"  width='495' height='400' src='https:\/\/pusteblume-sulzfeld.de\/wp-content\/uploads\/2017\/12\/IMG-20170719-WA0019-495x400.jpg' title='IMG-20170719-WA0019' alt='' \/><\/div><\/a><a href=\"https:\/\/pusteblume-sulzfeld.de\/wp-content\/uploads\/2017\/12\/IMG_20170720_115332_177.jpg\" data-rel='gallery-1' data-prev-img='https:\/\/pusteblume-sulzfeld.de\/wp-content\/uploads\/2017\/12\/IMG_20170720_115332_177-495x400.jpg' class='first_thumb lightbox ' data-onclick='4' title='IMG_20170720_115332_177'  itemprop=\"thumbnailUrl\"  ><img class=\"wp-image-696 avia-img-lazy-loading-not-696\"   src='https:\/\/pusteblume-sulzfeld.de\/wp-content\/uploads\/2017\/12\/IMG_20170720_115332_177-495x400.jpg' width='495' height='400'  title='IMG_20170720_115332_177' alt='' \/><div class='big-prev-fake'><img class=\"wp-image-696 avia-img-lazy-loading-696\"  width='495' height='400' src='https:\/\/pusteblume-sulzfeld.de\/wp-content\/uploads\/2017\/12\/IMG_20170720_115332_177-495x400.jpg' title='IMG_20170720_115332_177' alt='' \/><\/div><\/a><a href=\"https:\/\/pusteblume-sulzfeld.de\/wp-content\/uploads\/2017\/12\/IMG_4573-e1513717679151-687x1030.jpg\" data-rel='gallery-1' data-prev-img='https:\/\/pusteblume-sulzfeld.de\/wp-content\/uploads\/2017\/12\/IMG_4573-e1513717679151-495x400.jpg' class='lightbox ' data-onclick='5' title='IMG_4573'  itemprop=\"thumbnailUrl\"  ><img class=\"wp-image-697 avia-img-lazy-loading-not-697\"   src='https:\/\/pusteblume-sulzfeld.de\/wp-content\/uploads\/2017\/12\/IMG_4573-e1513717679151-495x400.jpg' width='495' height='400'  title='IMG_4573' alt='' \/><div class='big-prev-fake'><img class=\"wp-image-697 avia-img-lazy-loading-697\"  width='495' height='400' src='https:\/\/pusteblume-sulzfeld.de\/wp-content\/uploads\/2017\/12\/IMG_4573-e1513717679151-495x400.jpg' title='IMG_4573' alt='' \/><\/div><\/a><a href=\"https:\/\/pusteblume-sulzfeld.de\/wp-content\/uploads\/2018\/11\/220918-187-1030x687.jpg\" data-rel='gallery-1' data-prev-img='https:\/\/pusteblume-sulzfeld.de\/wp-content\/uploads\/2018\/11\/220918-187-495x400.jpg' class='lightbox ' data-onclick='6' title='220918-187'  itemprop=\"thumbnailUrl\"  ><img class=\"wp-image-868 avia-img-lazy-loading-not-868\"   src='https:\/\/pusteblume-sulzfeld.de\/wp-content\/uploads\/2018\/11\/220918-187-495x400.jpg' width='495' height='400'  title='220918-187' alt='' \/><div class='big-prev-fake'><img class=\"wp-image-868 avia-img-lazy-loading-868\"  width='495' height='400' src='https:\/\/pusteblume-sulzfeld.de\/wp-content\/uploads\/2018\/11\/220918-187-495x400.jpg' title='220918-187' alt='' \/><\/div><\/a><a href=\"https:\/\/pusteblume-sulzfeld.de\/wp-content\/uploads\/2018\/11\/DSC_3718_00001-1030x1030.jpg\" data-rel='gallery-1' data-prev-img='https:\/\/pusteblume-sulzfeld.de\/wp-content\/uploads\/2018\/11\/DSC_3718_00001-495x400.jpg' class='first_thumb lightbox ' data-onclick='7' title='DSC_3718_00001'  itemprop=\"thumbnailUrl\"  ><img class=\"wp-image-869 avia-img-lazy-loading-not-869\"   src='https:\/\/pusteblume-sulzfeld.de\/wp-content\/uploads\/2018\/11\/DSC_3718_00001-495x400.jpg' width='495' height='400'  title='DSC_3718_00001' alt='' \/><div class='big-prev-fake'><img class=\"wp-image-869 avia-img-lazy-loading-869\"  width='495' height='400' src='https:\/\/pusteblume-sulzfeld.de\/wp-content\/uploads\/2018\/11\/DSC_3718_00001-495x400.jpg' title='DSC_3718_00001' alt='' \/><\/div><\/a><a href=\"https:\/\/pusteblume-sulzfeld.de\/wp-content\/uploads\/2018\/11\/DSC_3725_00001_01-1030x1030.jpg\" data-rel='gallery-1' data-prev-img='https:\/\/pusteblume-sulzfeld.de\/wp-content\/uploads\/2018\/11\/DSC_3725_00001_01-495x400.jpg' class='lightbox ' data-onclick='8' title='DSC_3725_00001_01'  itemprop=\"thumbnailUrl\"  ><img class=\"wp-image-870 avia-img-lazy-loading-not-870\"   src='https:\/\/pusteblume-sulzfeld.de\/wp-content\/uploads\/2018\/11\/DSC_3725_00001_01-495x400.jpg' width='495' height='400'  title='DSC_3725_00001_01' alt='' \/><div class='big-prev-fake'><img class=\"wp-image-870 avia-img-lazy-loading-870\"  width='495' height='400' src='https:\/\/pusteblume-sulzfeld.de\/wp-content\/uploads\/2018\/11\/DSC_3725_00001_01-495x400.jpg' title='DSC_3725_00001_01' alt='' \/><\/div><\/a><a href=\"https:\/\/pusteblume-sulzfeld.de\/wp-content\/uploads\/2018\/11\/Hochzeit-Alex-Chrisi-004-687x1030.jpg\" data-rel='gallery-1' data-prev-img='https:\/\/pusteblume-sulzfeld.de\/wp-content\/uploads\/2018\/11\/Hochzeit-Alex-Chrisi-004-495x400.jpg' class='lightbox ' data-onclick='9' title='Hochzeit Alex &amp; Chrisi 004'  itemprop=\"thumbnailUrl\"  ><img class=\"wp-image-871 avia-img-lazy-loading-not-871\"   src='https:\/\/pusteblume-sulzfeld.de\/wp-content\/uploads\/2018\/11\/Hochzeit-Alex-Chrisi-004-495x400.jpg' width='495' height='400'  title='Hochzeit Alex &amp; Chrisi 004' alt='' \/><div class='big-prev-fake'><img class=\"wp-image-871 avia-img-lazy-loading-871\"  width='495' height='400' src='https:\/\/pusteblume-sulzfeld.de\/wp-content\/uploads\/2018\/11\/Hochzeit-Alex-Chrisi-004-495x400.jpg' title='Hochzeit Alex &amp; Chrisi 004' alt='' \/><\/div><\/a><a href=\"https:\/\/pusteblume-sulzfeld.de\/wp-content\/uploads\/2018\/11\/40347641_457623894643391_8010973868082593792_n.jpg\" data-rel='gallery-1' data-prev-img='https:\/\/pusteblume-sulzfeld.de\/wp-content\/uploads\/2018\/11\/40347641_457623894643391_8010973868082593792_n-495x400.jpg' class='first_thumb lightbox ' data-onclick='10' title='40347641_457623894643391_8010973868082593792_n'  itemprop=\"thumbnailUrl\"  ><img class=\"wp-image-872 avia-img-lazy-loading-not-872\"   src='https:\/\/pusteblume-sulzfeld.de\/wp-content\/uploads\/2018\/11\/40347641_457623894643391_8010973868082593792_n-495x400.jpg' width='495' height='400'  title='40347641_457623894643391_8010973868082593792_n' alt='' \/><div class='big-prev-fake'><img class=\"wp-image-872 avia-img-lazy-loading-872\"  width='495' height='400' src='https:\/\/pusteblume-sulzfeld.de\/wp-content\/uploads\/2018\/11\/40347641_457623894643391_8010973868082593792_n-495x400.jpg' title='40347641_457623894643391_8010973868082593792_n' alt='' \/><\/div><\/a><a href=\"https:\/\/pusteblume-sulzfeld.de\/wp-content\/uploads\/2018\/11\/42556407_468730893532691_7474625614947811328_n.jpg\" data-rel='gallery-1' data-prev-img='https:\/\/pusteblume-sulzfeld.de\/wp-content\/uploads\/2018\/11\/42556407_468730893532691_7474625614947811328_n-495x400.jpg' class='lightbox ' data-onclick='11' title='42556407_468730893532691_7474625614947811328_n'  itemprop=\"thumbnailUrl\"  ><img class=\"wp-image-873 avia-img-lazy-loading-not-873\"   src='https:\/\/pusteblume-sulzfeld.de\/wp-content\/uploads\/2018\/11\/42556407_468730893532691_7474625614947811328_n-495x400.jpg' width='495' height='400'  title='42556407_468730893532691_7474625614947811328_n' alt='' \/><div class='big-prev-fake'><img class=\"wp-image-873 avia-img-lazy-loading-873\"  width='495' height='400' src='https:\/\/pusteblume-sulzfeld.de\/wp-content\/uploads\/2018\/11\/42556407_468730893532691_7474625614947811328_n-495x400.jpg' title='42556407_468730893532691_7474625614947811328_n' alt='' \/><\/div><\/a><a href=\"https:\/\/pusteblume-sulzfeld.de\/wp-content\/uploads\/2018\/11\/IMG-20181014-WA0022-687x1030.jpg\" data-rel='gallery-1' data-prev-img='https:\/\/pusteblume-sulzfeld.de\/wp-content\/uploads\/2018\/11\/IMG-20181014-WA0022-495x400.jpg' class='lightbox ' data-onclick='12' title='IMG-20181014-WA0022'  itemprop=\"thumbnailUrl\"  ><img class=\"wp-image-874 avia-img-lazy-loading-not-874\"   src='https:\/\/pusteblume-sulzfeld.de\/wp-content\/uploads\/2018\/11\/IMG-20181014-WA0022-495x400.jpg' width='495' height='400'  title='IMG-20181014-WA0022' alt='' \/><div class='big-prev-fake'><img class=\"wp-image-874 avia-img-lazy-loading-874\"  width='495' height='400' src='https:\/\/pusteblume-sulzfeld.de\/wp-content\/uploads\/2018\/11\/IMG-20181014-WA0022-495x400.jpg' title='IMG-20181014-WA0022' alt='' \/><\/div><\/a><a href=\"https:\/\/pusteblume-sulzfeld.de\/wp-content\/uploads\/2018\/11\/IMG-20181014-WA0024-1030x687.jpg\" data-rel='gallery-1' data-prev-img='https:\/\/pusteblume-sulzfeld.de\/wp-content\/uploads\/2018\/11\/IMG-20181014-WA0024-495x400.jpg' class='first_thumb lightbox ' data-onclick='13' title='IMG-20181014-WA0024'  itemprop=\"thumbnailUrl\"  ><img class=\"wp-image-875 avia-img-lazy-loading-not-875\"   src='https:\/\/pusteblume-sulzfeld.de\/wp-content\/uploads\/2018\/11\/IMG-20181014-WA0024-495x400.jpg' width='495' height='400'  title='IMG-20181014-WA0024' alt='' \/><div class='big-prev-fake'><img class=\"wp-image-875 avia-img-lazy-loading-875\"  width='495' height='400' src='https:\/\/pusteblume-sulzfeld.de\/wp-content\/uploads\/2018\/11\/IMG-20181014-WA0024-495x400.jpg' title='IMG-20181014-WA0024' alt='' \/><\/div><\/a><a href=\"https:\/\/pusteblume-sulzfeld.de\/wp-content\/uploads\/2018\/11\/IMG-20181014-WA0029-687x1030.jpg\" data-rel='gallery-1' data-prev-img='https:\/\/pusteblume-sulzfeld.de\/wp-content\/uploads\/2018\/11\/IMG-20181014-WA0029-495x400.jpg' class='lightbox ' data-onclick='14' title='IMG-20181014-WA0029'  itemprop=\"thumbnailUrl\"  ><img class=\"wp-image-876 avia-img-lazy-loading-not-876\"   src='https:\/\/pusteblume-sulzfeld.de\/wp-content\/uploads\/2018\/11\/IMG-20181014-WA0029-495x400.jpg' width='495' height='400'  title='IMG-20181014-WA0029' alt='' \/><div class='big-prev-fake'><img class=\"wp-image-876 avia-img-lazy-loading-876\"  width='495' height='400' src='https:\/\/pusteblume-sulzfeld.de\/wp-content\/uploads\/2018\/11\/IMG-20181014-WA0029-495x400.jpg' title='IMG-20181014-WA0029' alt='' \/><\/div><\/a><a href=\"https:\/\/pusteblume-sulzfeld.de\/wp-content\/uploads\/2018\/11\/IMG-20181014-WA0032-687x1030.jpg\" data-rel='gallery-1' data-prev-img='https:\/\/pusteblume-sulzfeld.de\/wp-content\/uploads\/2018\/11\/IMG-20181014-WA0032-495x400.jpg' class='lightbox ' data-onclick='15' title='IMG-20181014-WA0032'  itemprop=\"thumbnailUrl\"  ><img class=\"wp-image-877 avia-img-lazy-loading-not-877\"   src='https:\/\/pusteblume-sulzfeld.de\/wp-content\/uploads\/2018\/11\/IMG-20181014-WA0032-495x400.jpg' width='495' height='400'  title='IMG-20181014-WA0032' alt='' \/><div class='big-prev-fake'><img class=\"wp-image-877 avia-img-lazy-loading-877\"  width='495' height='400' src='https:\/\/pusteblume-sulzfeld.de\/wp-content\/uploads\/2018\/11\/IMG-20181014-WA0032-495x400.jpg' title='IMG-20181014-WA0032' alt='' \/><\/div><\/a><\/div><\/div><\/div><\/p>\n","protected":false},"excerpt":{"rendered":"","protected":false},"author":1,"featured_media":0,"parent":0,"menu_order":0,"comment_status":"closed","ping_status":"closed","template":"","meta":{"footnotes":""},"class_list":["post-899","page","type-page","status-publish","hentry"],"jetpack_sharing_enabled":true,"_links":{"self":[{"href":"https:\/\/pusteblume-sulzfeld.de\/index.php?rest_route=\/wp\/v2\/pages\/899","targetHints":{"allow":["GET"]}}],"collection":[{"href":"https:\/\/pusteblume-sulzfeld.de\/index.php?rest_route=\/wp\/v2\/pages"}],"about":[{"href":"https:\/\/pusteblume-sulzfeld.de\/index.php?rest_route=\/wp\/v2\/types\/page"}],"author":[{"embeddable":true,"href":"https:\/\/pusteblume-sulzfeld.de\/index.php?rest_route=\/wp\/v2\/users\/1"}],"replies":[{"embeddable":true,"href":"https:\/\/pusteblume-sulzfeld.de\/index.php?rest_route=%2Fwp%2Fv2%2Fcomments&post=899"}],"version-history":[{"count":0,"href":"https:\/\/pusteblume-sulzfeld.de\/index.php?rest_route=\/wp\/v2\/pages\/899\/revisions"}],"wp:attachment":[{"href":"https:\/\/pusteblume-sulzfeld.de\/index.php?rest_route=%2Fwp%2Fv2%2Fmedia&parent=899"}],"curies":[{"name":"wp","href":"https:\/\/api.w.org\/{rel}","templated":true}]}}